 6*u - 8*u + w = 0. What is the units digit of u?
2
Let x(j) = 46*j**3 + j**2 - 2*j + 46. What is the thousands digit of x(6)?
0
Suppose 0 = 2*n - 50*n + 1636992. What is the units digit of n?
4
Let d(z) = 28*z**2 - 219*z + 182. What is the tens digit of d(37)?
1
Let f(q) = -1347*q**3 - q**2 - 2*q - 10. What is the units digit of f(-2)?
6
Let k be (-6)/21 - (-508)/14. Let m = -1 + k. Suppose 7*o + m = 294. What is the units digit of o?
7
Let g(v) = -18*v - 19. Let a be g(-3). Let o = -32 + a. Suppose 5*f - 889 = -m, o*f - 182 = 2*f + 4*m. What is the hundreds digit of f?
1
Suppose -17 - 15 = 8*m. Let a be -4 + (-4 + 3)*m + 3. Suppose 0 = -a*v + 4*x + 158, 286 = 5*v - 4*x + 3*x. What is the units digit of v?
8
Suppose 0 = 3*p + 2*v - 9767 - 8548, -p + v = -6095. What is the thousands digit of p?
6
Let p = 132 + -129. Suppose -p*m - 9 = -126. What is the units digit of m?
9
Let k(l) = -562*l + 6. Let v be (25/10 + -2)*-4. What is the thousands digit of k(v)?
1
Let g(c) = c**2 + 14*c + 22. Let t be g(-2). What is the units digit of t - -1 - (-117 + (-9)/(-9))?
5
Let q = 11 - -6. Suppose -79*x + 852 = -96. Suppose -q*w + 210 = -x*w. What is the tens digit of w?
4
Suppose -3*t = 4*c + 5164, -4*t + 1310 = -c - 0*t. Let s = c - 4670. What is the tens digit of ((s/(-18))/(-7))/(2/(-3))?
7
Suppose 0 = -42*i + 83546 + 60326 - 6112. What is the hundreds digit of i?
2
Let h = 932 - 2210. Let p = h - -2216. What is the hundreds digit of p?
9
What is the hundreds digit of -1*(-7928)/(-6)*45/(-2)?
7
Let r = 408 + -399. Suppose -r*y = -128 - 3931. What is the units digit of y?
1
Suppose -465938 = -23*f + 356841. What is the ten thousands digit of f?
3
Let a(q) = q**2 - 20*q + 95. Let k be a(13). Suppose 860 = 2*g + k*y - 0*y, -5*y + 439 = g. What is the units digit of g?
4
Let y be (-5)/25*-1*35. Suppose -463 = -3*i - 4*r, -9*i = -y*i - 3*r - 320. What is the units digit of i?
7
Let x = 139310 + -59115. What is the tens digit of x?
9
Let i(g) = -28*g - 237. Let p be i(-37). Let n = p - 206. What is the hundreds digit of n?
5
Let x be 3/9 + (-28)/(-6) + 0. Let y be 0*(-8 + 3)/x. Suppose -c + 1 = y, s + 5*c - 57 = 154. What is the hundreds digit of s?
2
Suppose 39*v + 33*v = 169416. What is the units digit of v?
3
Suppose 2*j = h - 15845, -31691 = -130*h + 128*h + 5*j. What is the hundreds digit of h?
8
Let y be -1 - 7/21*6. Let l(k) be the first derivative of -k**4/2 + 2*k**3/3 + k**2 + 3*k + 2. What is the units digit of l(y)?
9
Let k(u) = u**2 + 2*u - 24. Let f be k(-6). Suppose f = 4*z - 4*i - 1056, 0*z = -z + 4*i + 249. Suppose 4*a - 27 = z. What is the tens digit of a?
7
Let b(l) = 13*l**2 - 4*l + 22. Let x(w) = -2*w**2 + w - 1. Let d(g) = -b(g) - 5*x(g). Let s be d(-7). Let u = -93 - s. What is the units digit of u?
4
Let k(y) = 613*y - 77. What is the units digit of k(59)?
0
Let s = -36 + 83. Let k = -2343 - -2346. What is the tens digit of 18/4*(3 + s/k)?
8
Let z = 418 + -34. Let c = -3 + z. What is the tens digit of c?
8
Let h(b) = b**2 + 31*b + 63. Let f be h(-28). Let n = 5 + 69. Let l = n - f. What is the units digit of l?
5
Suppose 648 = -59*n + 56*n. Let b = -86 - n. Let u = b + -72. What is the tens digit of u?
5
Let y be (-70888)/32 + 1/4. Let k be -1 + 1 - y/5. Suppose -4*j - j = -5*w - 1095, -2*j + w = -k. What is the units digit of j?
4
Suppose 0 = -2*o + 9 - 1. Suppose 109 + 333 = 5*s + 4*r, -364 = -o*s + 2*r. Let b = -62 + s. What is the tens digit of b?
2
What is the hundreds digit of (-168)/12 + 14 - (-34520 + (0 - 1))?
5
Let a = 364 + -180. Let o = a - -130. Suppose 2*k = -3*q + 490, -2*q + 6*k + o = k. What is the units digit of q?
2
Let b = -191 - -45. Let t = -53 - b. Suppose 451 = 4*d - t. What is the hundreds digit of d?
1
Let t = 831 - 817. Let i be (-2)/(-4) + (-294)/(-4). Let d = i - t. What is the tens digit of d?
6
Let l(m) = 7*m - 3. Let z be l(2). Suppose -z*v - 626 = -7677. Suppose -8 + v = 4*f - 3*i, 0 = f + 4*i - 144. What is the hundreds digit of f?
1
Suppose -9*u = -1918 + 388. Suppose -5*g + 10*g + 858 = n, u = -g + n. What is the units digit of 1/(-1 + (-174)/g)?
6
Let i(f) = -121*f + 62. Let c be i(-11). Suppose 1388*w - c*w + 110 = 0. What is the tens digit of w?
2
Let o(s) = 99*s**2 - 28*s - 37. Let z be o(14). Suppose -z = -13*w + 694. What is the units digit of w?
3
Let m(b) = -162*b + 27. Let w(i) = 325*i - 53. Let n(l) = -13*m(l) - 6*w(l). What is the units digit of n(6)?
3
Suppose -2*r + 4*n - 5 = -r, -4*n + 8 = 0. Let d = 81 + r. What is the units digit of (62/(-6))/((-7)/d)?
4
Let t = 11525 + -8603. What is the units digit of t?
2
Let c(g) be the first derivative of -7*g**2 + 44*g - 60. What is the tens digit of c(-18)?
9
Let y be (0/(44/4))/(1 - 0). Suppose x - 12 = -2. Suppose y = m + x*m - 638. What is the tens digit of m?
5
What is the units digit of (-2666733)/(-51) + 1 - (-20)/170?
0
Let v(k) = -k**3 - 8*k**2 - 8*k - 7. Let u be v(-7). Suppose -12*t - 351 - 117 = u. Let q = 116 - t. What is the tens digit of q?
5
Let b(d) = 2*d + 2. Let w be b(12). Let n = 719 + w. What is the hundreds digit of n?
7
Let f(o) = -169*o + 36. Let p be f(6). Let q = p + 1891. Suppose -5*t + 645 = 3*z, 4*z - q + 53 = -2*t. What is the units digit of z?
5
Suppose -485 = -3*j - 3*w - 11, 3*w + 774 = 5*j. Let n = 306 - j. Suppose -4*x + 148 = r - 0*x, 3*x = -r + n. What is the tens digit of r?
5
Suppose 25 = -25*f + 20*f. Let q(r) = -3*r - 5. Let v be q(f). What is the hundreds digit of (-4)/(-6)*-3 + 1310/v?
1
Suppose -2*m = 23*i - 21*i + 2036, 0 = i - 2*m + 1003. Let b = 1932 + i. What is the tens digit of b?
1
Suppose 426*w + 1161678 = 447*w. What is the tens digit of w?
1
Let k be (-4*12/32)/((-9)/1074). Let p = 410 - k. What is the tens digit of p?
3
Let x = 324 + -48. What is the tens digit of x/5 - 60/(-75)?
5
Let k be (450/(-300))/(2/(-24) + 0). What is the hundreds digit of (-3102)/(-3) + k/(-3)?
0
Suppose 356*m + 861 = 363*m. Let r = m + 348. What is the tens digit of r?
7
Let l be (-2512)/(-10) - (-22)/(-110). Let s be l - (0 - 3 - 1). Suppose -4*j + s + 49 = 0. What is the units digit of j?
6
Suppose -22*v + 235*v = 6586812. What is the thousands digit of v?
0
Suppose 0 = -2*v + i + 115220 + 48337, 163530 = 2*v - 4*i. What is the thousands digit of v?
1
Let x(s) = 19*s**3 - 6*s**2 + 8*s - 3. Suppose 2*r - 16 = 3*t, -t - t = 4. Let h be x(r). Suppose -h - 18 = -12*f. What is the tens digit of f?
9
Let n be (-52)/(-91) - (-32)/(-7). Let k(s) = 6*s - 17. Let g be k(n). Let i = 142 + g. What is the tens digit of i?
0
Let c = 55 + -7. Let a = 7108 - 5896. Suppose 0 = 5*m - a - c. What is the units digit of m?
2
Let z(d) = 437*d + 1049. What is the tens digit of z(87)?
6
Suppose -4*k - 4*f = -5456, 30*k = 32*k - 3*f - 2758. What is the tens digit of k?
7
Let d be (-93)/(-1) + 4/1. Let l = d - 85. Let h = l + 36. What is the tens digit of h?
4
Suppose 3*x + p - 148401 = 0, 4*x + 3*p - 151025 = 46858. What is the tens digit of x?
6
Let t(i) = 20*i + 219. What is the units digit of t(35)?
9
Let l be (-943 + -3)/(28/(-14)). Let y = l + -194. What is the tens digit of y?
7
Let b(z) = 1687*z - 442. What is the thousands digit of b(11)?
8
Let b = 513 + -508. Let c(o) = -2*o - 3. Let v be c(-4). Suppose -v*t + 255 = -b*x, -252 = -5*t - 4*x + 39. What is the units digit of t?
5
Let p(o) = 74*o**2 - 74*o - 179. What is the ten thousands digit of p(-12)?
1
Suppose 2*p + 2851 = 3*f + 30785, 4*p = -5*f + 55934. What is the units digit of p?
6
What is the units digit of ((27909/21)/(4 + 1))/(5/75)?
7
Let p = -6644 + 12454. What is the tens digit of p?
1
Let l be 12/8 + (-1)/2. Let w be (595/20)/(-7) - l/(-4). Let f(j) = 3*j**2 - 6*j - 1. What is the tens digit of f(w)?
7
Let g = 908 + 390. What is the tens digit of g?
9
Suppose 4*s + b - 91185 = -30672, -s + 15142 = 3*b. What is the hundreds digit of s?
1
Let l be 3 + (2 - -2 - -7). Suppose l*r + 56 = 7*r. What is the tens digit of -50*171/(-48) + 1/r?
7
Let x(p) = 6*p - 10. Let a(k) = 1. Let g(t) = a(t) + x(t). Let s be g(2). What is the hundreds digit of 130 + ((-40)/30)/(2/s)?
1
Suppose -4*t - 16*r - 4832 = -12*r, -5*t + 2*r = 6033. Let a = -613 - t. What is the units digit of a?
4
Let d(j) = 3*j**2 + 5*j + 61. Let o = 305 + -293. What is the hundreds digit of d(o)?
5
Let r(w)